{"id":55,"date":"2025-11-14T21:10:09","date_gmt":"2025-11-14T20:10:09","guid":{"rendered":"https:\/\/test.janvandijk.net\/?page_id=55"},"modified":"2025-11-17T14:54:11","modified_gmt":"2025-11-17T13:54:11","slug":"publicaties","status":"publish","type":"page","link":"https:\/\/test.janvandijk.net\/?page_id=55&lang=nl","title":{"rendered":"Publicaties"},"content":{"rendered":"\n<p>Een kleine selectie van de vele publicaties:<\/p>\n\n\n\n<p>Alex van Amerongen: &#8216;Cortege en Rondeau&#8217;,<br>uit &#8220;Mens en melodie&#8221;, jaargang XI\/1, januari 1956, pagina 25-26<\/p>\n\n\n\n<p>Jan van Dijk: &#8216;Concert voor pianola en orkest&#8217;,<br>uit &#8220;Pianola&#8217;s&#8221;, periodiek van de Nederlandse Pianola Vereniging, 1981, pagina 92-97<\/p>\n\n\n\n<p>A.D. Fokker en Jan van Dijk: &#8216;Exp\u00e9riences musicales avec les genres musicaux de L\u00e9onard Euler contenant la septi\u00e8me harmoniques&#8217;, uit &#8220;Recherches Musicales Th\u00e9oriques et Pratiques&#8221;, Extrait de Tone X, 1951, pagina 133-146.<\/p>\n\n\n\n<p>Adriaan Fokker: &#8216;Neue Musik mit 31 T\u00f6nen&#8217;,<br>uit &#8220;Orpheus Schriftreihen zur Grundfragen der Musik&#8221; Band 5, 1966, pagina 25,29 en 86.<\/p>\n\n\n\n<p>Marinus Kasbergen: &#8216;Jan van Dijk&#8217;s Zwartbaard&#8217;,<br>uit &#8220;Polyhymnia&#8221;, december 1958,<\/p>\n\n\n\n<p>Antoon Maessen: &#8216;Jan van Dijk, componist&#8217;,<br>uit &#8220;Brabantia&#8221;, 1981 no.4, pagina 153-156<\/p>\n\n\n\n<p>W. Stigter: &#8216;Ars Vivendi&#8217;,<br>uit &#8220;Algemeen Ma\u00e7onniek Tijdschrift&#8221; XXXI\/16, mei 1977, pagina 364 &#8211; 368<\/p>\n\n\n\n<p>C. van Eijndhoven: &#8216;Jan van Dijk ( 1918 &#8211; ) en zijn merkwaardig beiaardoeuvre&#8217;<br>uit &#8220;Magazine jaargang V\/ trimester 2&#8221;, 1999, Vlaamse Beiaard Vereniging, gehele magazine<\/p>\n\n\n\n<p>J. den Ouden: &#8216;Stille Ontmoeting met Jan van Dijk&#8217;,<br>Biografie, Uitgeverij De Steensplinter, 2000<\/p>\n\n\n\n<p>F. Mollinger van Eeden: Interview met Jan van Dijk<br>Verkrijgbaar op CD&#8217;s in eigen beheer<\/p>\n\n\n\n<p>Uit de vele pianowerken is een selectie gemaakt die in het jaar 2000 onder het Erasmus label is verschenen als een dubbel-CD met de naam &#8220;Pianoworks&#8221;. Hierover leest u\u00a0<a href=\"https:\/\/test.janvandijk.net\/?page_id=243&amp;lang=nl\" data-type=\"page\" data-id=\"243\" target=\"_blank\" rel=\"noreferrer noopener\">hier<\/a> meer.<\/p>\n\n\n\n<p><\/p>\n","protected":false},"excerpt":{"rendered":"<p>Een kleine selectie van de vele publicaties: Alex van Amerongen: &#8216;Cortege en Rondeau&#8217;,uit &#8220;Mens en melodie&#8221;, jaargang XI\/1, januari 1956, pagina 25-26 Jan van Dijk: &#8216;Concert voor pianola en orkest&#8217;,uit &#8220;Pianola&#8217;s&#8221;, periodiek van de Nederlandse Pianola Vereniging, 1981, pagina 92-97 A.D. Fokker en Jan van Dijk: &#8216;Exp\u00e9riences musicales avec les genres musicaux de L\u00e9onard Euler [&hellip;]<\/p>\n","protected":false},"author":1,"featured_media":0,"parent":0,"menu_order":0,"comment_status":"closed","ping_status":"closed","template":"","meta":{"footnotes":""},"class_list":["post-55","page","type-page","status-publish","hentry"],"blocksy_meta":[],"_links":{"self":[{"href":"https:\/\/test.janvandijk.net\/index.php?rest_route=\/wp\/v2\/pages\/55","targetHints":{"allow":["GET"]}}],"collection":[{"href":"https:\/\/test.janvandijk.net\/index.php?rest_route=\/wp\/v2\/pages"}],"about":[{"href":"https:\/\/test.janvandijk.net\/index.php?rest_route=\/wp\/v2\/types\/page"}],"author":[{"embeddable":true,"href":"https:\/\/test.janvandijk.net\/index.php?rest_route=\/wp\/v2\/users\/1"}],"replies":[{"embeddable":true,"href":"https:\/\/test.janvandijk.net\/index.php?rest_route=%2Fwp%2Fv2%2Fcomments&post=55"}],"version-history":[{"count":4,"href":"https:\/\/test.janvandijk.net\/index.php?rest_route=\/wp\/v2\/pages\/55\/revisions"}],"predecessor-version":[{"id":245,"href":"https:\/\/test.janvandijk.net\/index.php?rest_route=\/wp\/v2\/pages\/55\/revisions\/245"}],"wp:attachment":[{"href":"https:\/\/test.janvandijk.net\/index.php?rest_route=%2Fwp%2Fv2%2Fmedia&parent=55"}],"curies":[{"name":"wp","href":"https:\/\/api.w.org\/{rel}","templated":true}]}}